{"id":146,"date":"2025-08-18T13:54:29","date_gmt":"2025-08-18T13:54:29","guid":{"rendered":"https:\/\/daivuong.com\/?page_id=146"},"modified":"2026-03-06T22:35:22","modified_gmt":"2026-03-06T15:35:22","slug":"ky-nguyen-quang-hung","status":"publish","type":"page","link":"https:\/\/quangtien.org\/capital\/","title":{"rendered":"K\u1ef7 nguy\u00ean Quang H\u01b0ng"},"content":{"rendered":"\n<p class=\"has-text-align-center\" style=\"font-size:38px\">\u5fb7\u798f\u8ca1\u797f \u0110PTL<\/p>\n\n\n\n<p class=\"has-text-align-center\">Vinh quang ti\u1ebfn b\u1ed9. \u0110\u1ed5i m\u1edbi ph\u00e1t tri\u1ec3n<\/p>\n\n\n\n<figure class=\"wp-block-image alignfull size-full\"><img loading=\"lazy\" decoding=\"async\" width=\"998\" height=\"998\" src=\"https:\/\/capital.daivuong.com\/wp-content\/uploads\/solaris\/bb\/bb-vip\/sites\/2\/2025\/09\/1000011126.jpg\" alt=\"\" class=\"wp-image-596\" srcset=\"https:\/\/quangtien.org\/capital\/wp-content\/uploads\/solaris\/bb\/bb-vip\/sites\/2\/2025\/09\/1000011126.jpg 998w, https:\/\/quangtien.org\/capital\/wp-content\/uploads\/solaris\/bb\/bb-vip\/sites\/2\/2025\/09\/1000011126-300x300.jpg 300w, https:\/\/quangtien.org\/capital\/wp-content\/uploads\/solaris\/bb\/bb-vip\/sites\/2\/2025\/09\/1000011126-150x150.jpg 150w, https:\/\/quangtien.org\/capital\/wp-content\/uploads\/solaris\/bb\/bb-vip\/sites\/2\/2025\/09\/1000011126-768x768.jpg 768w, https:\/\/quangtien.org\/capital\/wp-content\/uploads\/solaris\/bb\/bb-vip\/sites\/2\/2025\/09\/1000011126-500x500.jpg 500w\" sizes=\"auto, (max-width: 998px) 100vw, 998px\" \/><\/figure>\n\n\n\n<p class=\"has-text-align-center\" style=\"font-size:14px\">Tu\u1ea7n 17, Th\u1ee9 Ba - Ng\u00e0y 21.04.2026<\/p>\n\n\n\n<div style=\"height:11px\" aria-hidden=\"true\" class=\"wp-block-spacer\"><\/div>\n\n\n\n<p class=\"has-text-align-center\"><strong>H\u1ec6 SINH TH\u00c1I S\u1ed0 \u0110\u1ea0I V\u01af\u01a0NG<\/strong><\/p>\n\n\n\n<p class=\"has-text-align-center\" style=\"font-size:18px\">Li\u00ean minh c\u00f4ng nghi\u1ec7p s\u1ed1. Li\u00ean minh t\u01b0 b\u1ea3n s\u1ed1. Li\u00ean minh v\u0103n ho\u00e1 s\u1ed1.<\/p>\n\n\n\n<p class=\"has-text-align-center has-small-font-size\">THE GREAT KING &#8211; DIGITAL CAPITALIST ALLIANCE<\/p>\n\n\n\n<div style=\"height:11px\" aria-hidden=\"true\" class=\"wp-block-spacer\"><\/div>\n\n\n<div class=\"wp-block-image border-radius-20px\">\n<figure class=\"aligncenter size-full\"><img loading=\"lazy\" decoding=\"async\" width=\"510\" height=\"632\" src=\"https:\/\/daivuong.com\/wp-content\/uploads\/solaris\/bb\/bb-vip\/sites\/2\/2025\/08\/1000009608.jpg\" alt=\"\" class=\"wp-image-533\" srcset=\"https:\/\/quangtien.org\/capital\/wp-content\/uploads\/solaris\/bb\/bb-vip\/sites\/2\/2025\/08\/1000009608.jpg 510w, https:\/\/quangtien.org\/capital\/wp-content\/uploads\/solaris\/bb\/bb-vip\/sites\/2\/2025\/08\/1000009608-242x300.jpg 242w\" sizes=\"auto, (max-width: 510px) 100vw, 510px\" \/><\/figure>\n<\/div>\n\n\n<p class=\"has-text-align-center\">\u65e5\u7167\u91d1\u5c71\uff0c\u898b\u8005\u66b4\u5bcc<\/p>\n\n\n\n<div style=\"height:16px\" aria-hidden=\"true\" class=\"wp-block-spacer\"><\/div>\n\n\n\n<h2 class=\"wp-block-heading has-text-align-center\" style=\"font-size:38px\">K\u1ef6 NGUY\u00caN<br>QUANG H\u01afNG<\/h2>\n\n\n\n<div style=\"height:17px\" aria-hidden=\"true\" class=\"wp-block-spacer\"><\/div>\n\n\n\n<h2 class=\"wp-block-heading has-text-align-center\" style=\"font-size:19px\"><strong>\u00c1NH S\u00c1NG, T\u1ef0 DO, PH\u1ed2N TH\u1ecaNH<\/strong><\/h2>\n\n\n\n<p class=\"has-text-align-center\" style=\"font-size:16px\">Vinh quang ti\u1ebfn b\u1ed9. \u0110\u1ed5i m\u1edbi ph\u00e1t tri\u1ec3n<\/p>\n\n\n\n<div style=\"height:9px\" aria-hidden=\"true\" class=\"wp-block-spacer\"><\/div>\n\n\n\n<div class=\"wp-block-group is-content-justification-center is-nowrap is-layout-flex wp-container-core-group-is-layout-94bc23d7 wp-block-group-is-layout-flex\">\n<p class=\"has-text-align-center ph-button ph-button-02\"><a href=\"https:\/\/capital.daivuong.com\/tong-thong-linh\/\">T\u1ed4NG TH\u1ed0NG L\u0128NH<\/a><\/p>\n<\/div>\n\n\n\n<div style=\"height:20px\" aria-hidden=\"true\" class=\"wp-block-spacer\"><\/div>\n\n\n\n<p class=\"has-text-align-center\" style=\"font-size:28px\">H\u1ed2NG \u0110\u1ee8C \u6d2a\u5fb7<\/p>\n\n\n\n<p class=\"has-text-align-center\" style=\"font-size:14px\">Ph\u00fac T\u00e0i L\u1ed9c l\u00e0 \u0111i\u1ec3m t\u1ef1a cho cu\u1ed9c s\u1ed1ng v\u00e0 s\u1ef1 nghi\u1ec7p c\u1ee7a nhi\u1ec1u ng\u01b0\u1eddi, v\u1eady Ph\u00fac T\u00e0i L\u1ed9c t\u1ef1a v\u00e0o \u0111\u00e2u, \u0111i\u1ec3m t\u1ef1a \u0111\u00f3 l\u00e0 \u0110\u1ea1i V\u01b0\u01a1ng. \u0110\u1ea1i V\u01b0\u01a1ng t\u1ef1a v\u00e0o \u0111\u00e2u, \u0111i\u1ec3m t\u1ef1a \u0111\u00f3 l\u00e0 H\u1ed3ng \u0110\u1ee9c<\/p>\n\n\n\n<p class=\"has-text-align-center\" style=\"font-size:14px\">Ch\u1ec9 c\u00f3 gi\u1eef \u0111\u01b0\u1ee3c ch\u1eef \u0110\u1ee9c, v\u00e0 kh\u00f4ng ng\u1eebng vun b\u1ed3i tu d\u01b0\u1ee1ng \u0110\u1ea1o \u0110\u1ee9c th\u00ec con ng\u01b0\u1eddi m\u1edbi m\u1ed7i ng\u00e0y th\u00eam v\u1eefng m\u1ea1nh, cu\u1ed9c s\u1ed1ng \u0111\u01b0\u1ee3c b\u00ecnh an<\/p>\n\n\n\n<p class=\"has-text-align-center\" style=\"font-size:14px\">M\u1ea1ng l\u01b0\u1edbi \u0110\u1ea1i V\u01b0\u01a1ng t\u1eadp trung v\u00e0o nh\u00f3m ch\u1ee7 \u0111\u1ec1 \u0110\u1ea1o \u0110\u1ee9c, L\u1ecbch S\u1eed, V\u0103n Ho\u00e1, T\u00e1c Ph\u1ea9m<\/p>\n\n\n\n<p class=\"has-text-align-center\" style=\"font-size:14px\">18.08.2025, TVHK<\/p>\n\n\n\n<div style=\"height:12px\" aria-hidden=\"true\" class=\"wp-block-spacer\"><\/div>\n\n\n\n<p class=\"has-text-align-center has-large-font-size\"> \u5fb7\u798f\u8ca1\u797f <\/p>\n\n\n\n<p class=\"has-text-align-center\" style=\"font-size:14px\">TU \u0110\u1ee8C. N\u1ea0P PH\u00daC. V\u01af\u1ee2NG T\u00c0I. PH\u00c1T L\u1ed8C<\/p>\n\n\n\n<p class=\"has-text-align-center has-small-font-size\">M\u1ea1ng L\u01b0\u1edbi Anh T\u00e0i Th\u1eddi \u0110\u1ea1i M\u1edbi. H\u1ec7 th\u1ed1ng h\u01b0\u1edbng d\u1eabn m\u1ea1ch l\u1ea1c, r\u00f5 r\u00e0ng<\/p>\n\n\n\n<p class=\"has-text-align-center has-small-font-size\">TH\u00c0NH C\u00d4NG \u0110\u01af\u1ee2C \u0110\u1ea2M B\u1ea2O 100%<\/p>\n\n\n\n<div style=\"height:11px\" aria-hidden=\"true\" class=\"wp-block-spacer\"><\/div>\n\n\n\n<div class=\"wp-block-group is-content-justification-center is-nowrap is-layout-flex wp-container-core-group-is-layout-94bc23d7 wp-block-group-is-layout-flex\">\n<p class=\"has-text-align-center ph-button ph-button-04\"><a href=\"https:\/\/capital.daivuong.com\/join\/\" data-type=\"page\" data-id=\"247\">Tham Gia L\u00e0 Th\u00e0nh Vi\u00ean<\/a><\/p>\n<\/div>\n\n\n\n<div style=\"height:12px\" aria-hidden=\"true\" class=\"wp-block-spacer\"><\/div>\n\n\n\n<p class=\"has-text-align-center\" style=\"font-size:28px\">never stop exploring<br>we win together<\/p>\n\n\n\n<div style=\"height:12px\" aria-hidden=\"true\" class=\"wp-block-spacer\"><\/div>\n\n\n\n<p class=\"has-text-align-center has-text-color has-link-color has-small-font-size wp-elements-19ac796d2970d53df335c4434f288360\" style=\"color:#222222\"><a href=\"https:\/\/capital.daivuong.com\/blog\/\" data-type=\"page\" data-id=\"247\">B\u00c0I M\u1edaI \u0110\u0102NG<\/a> \/ <a href=\"https:\/\/capital.daivuong.com\/blog\/tag\/huong-dan\/\" data-type=\"page\" data-id=\"247\">H\u01af\u1edaNG D\u1eaaN<\/a> \/ <a href=\"https:\/\/capital.daivuong.com\/wp-admin\/\" data-type=\"page\" data-id=\"247\">\u0110\u0102NG NH\u1eacP<\/a><\/p>\n\n\n\n<div style=\"height:13px\" aria-hidden=\"true\" class=\"wp-block-spacer\"><\/div>\n\n\n\n<p class=\"has-text-align-center\" style=\"font-size:88px\">\u2730<\/p>\n\n\n\n<h3 class=\"wp-block-heading has-text-align-center\">B\u00c0I M\u1edaI \u0110\u0102NG<\/h3>\n\n\n\n<div style=\"height:11px\" aria-hidden=\"true\" class=\"wp-block-spacer\"><\/div>\n\n\n\n<div class=\"wp-block-group has-text-color has-link-color wp-elements-62811074b5ebfd3f07497d003b46b71b\" style=\"color:#222222\"><div class=\"wp-block-group__inner-container is-layout-constrained wp-block-group-is-layout-constrained\"><ul class=\"wp-post-list\"><li><a href=\"https:\/\/quangtien.org\/capital\/575\/lien-minh-tu-ban-so-dai-vuong-anh-hung\/\">Li\u00ean minh T\u01b0 b\u1ea3n s\u1ed1 \u0110\u1ea1i V\u01b0\u01a1ng Anh H\u00f9ng<\/a><\/li><li><a href=\"https:\/\/quangtien.org\/capital\/462\/dai-vuong-xuat-anh-tai\/\">\u0110\u1ea1i V\u01b0\u01a1ng xu\u1ea5t Anh T\u00e0i &#8211; N\u01a1i s\u1ea3n sinh ra nh\u1eefng ng\u01b0\u1eddi T\u00e0i \u0110\u1ee9c cho x\u00e3 h\u1ed9i<\/a><\/li><li><a href=\"https:\/\/quangtien.org\/capital\/300\/huong-dan-cach-thiet-lap-tong-mau-cho-website\/\">H\u01b0\u1edbng d\u1eabn c\u00e1ch thi\u1ebft l\u1eadp t\u00f4ng m\u00e0u cho website<\/a><\/li><li><a href=\"https:\/\/quangtien.org\/capital\/61\/ngay-18-thang-08-nam-2025-ten-mien-daivuong-com-duoc-dang-ky-va-su-dung\/\">Ng\u00e0y 18 th\u00e1ng 08 n\u0103m 2025 t\u00ean mi\u1ec1n daivuong.com \u0111\u01b0\u1ee3c \u0111\u0103ng k\u00fd v\u00e0 s\u1eed d\u1ee5ng<\/a><\/li><li><a href=\"https:\/\/quangtien.org\/capital\/57\/trinh-vu-hai-khang\/\">Nh\u00e0 c\u00e1ch m\u1ea1ng Tr\u00ecnh V\u0169 H\u1ea3i Khang<\/a><\/li><li><a href=\"https:\/\/quangtien.org\/capital\/1\/nguon-goc-cua-ten-goi-dai-vuong\/\">Ngu\u1ed3n g\u1ed1c c\u1ee7a t\u00ean g\u1ecdi \u0110\u1ea1i V\u01b0\u01a1ng<\/a><\/li><\/ul>\n<\/div><\/div>\n\n\n\n<div style=\"height:11px\" aria-hidden=\"true\" class=\"wp-block-spacer\"><\/div>\n\n\n\n<div class=\"wp-block-group has-text-color has-link-color wp-elements-3de0afa28ac192a43da7b0eafc0b473e\" style=\"color:#222222\"><div class=\"wp-block-group__inner-container is-layout-constrained wp-block-group-is-layout-constrained\"><p class=\"aligncenter wp-block-tag-cloud\"><a href=\"https:\/\/quangtien.org\/capital\/tag\/huong-dan\/\" class=\"tag-cloud-link tag-link-3 tag-link-position-1\" style=\"font-size: 8pt;\" aria-label=\"H\u01b0\u1edbng d\u1eabn (1 m\u1ee5c)\">H\u01b0\u1edbng d\u1eabn<span class=\"tag-link-count\"> (1)<\/span><\/a><\/p><\/div><\/div>\n\n\n\n<div style=\"height:11px\" aria-hidden=\"true\" class=\"wp-block-spacer\"><\/div>\n\n\n\n<p class=\"has-text-align-center\" style=\"font-size:11px\">\u0110\u1eb2NG C\u1ea4P, B\u1ea2N L\u0128NH, T\u00c0I N\u0102NG, KH\u00d4N NGOAN<\/p>\n\n\n\n<p class=\"has-text-align-center\" style=\"font-size:11px\">THI\u00caN H\u1ea0 ANH H\u00d9NG. T\u1ee8 H\u1ea2I GIAI HUYNH \u0110\u1ec6<\/p>\n\n\n\n<div style=\"height:20px\" aria-hidden=\"true\" class=\"wp-block-spacer\"><\/div>\n\n\n<div class=\"wp-block-image\">\n<figure class=\"aligncenter size-full\"><a href=\"https:\/\/capital.daivuong.com\/blog\/462\/\"><img loading=\"lazy\" decoding=\"async\" width=\"1080\" height=\"1126\" src=\"https:\/\/daivuong.com\/wp-content\/uploads\/solaris\/bb\/bb-vip\/sites\/2\/2025\/08\/1000008367.jpg\" alt=\"\" class=\"wp-image-443\" srcset=\"https:\/\/quangtien.org\/capital\/wp-content\/uploads\/solaris\/bb\/bb-vip\/sites\/2\/2025\/08\/1000008367.jpg 1080w, https:\/\/quangtien.org\/capital\/wp-content\/uploads\/solaris\/bb\/bb-vip\/sites\/2\/2025\/08\/1000008367-288x300.jpg 288w, https:\/\/quangtien.org\/capital\/wp-content\/uploads\/solaris\/bb\/bb-vip\/sites\/2\/2025\/08\/1000008367-982x1024.jpg 982w, https:\/\/quangtien.org\/capital\/wp-content\/uploads\/solaris\/bb\/bb-vip\/sites\/2\/2025\/08\/1000008367-768x801.jpg 768w\" sizes=\"auto, (max-width: 1080px) 100vw, 1080px\" \/><\/a><\/figure>\n<\/div>\n\n\n<div style=\"height:35px\" aria-hidden=\"true\" class=\"wp-block-spacer\"><\/div>\n","protected":false},"excerpt":{"rendered":"<p>\u5fb7\u798f\u8ca1\u797f \u0110PTL Vinh quang ti\u1ebfn b\u1ed9. \u0110\u1ed5i m\u1edbi ph\u00e1t tri\u1ec3n H\u1ec6 SINH TH\u00c1I S\u1ed0 \u0110\u1ea0I V\u01af\u01a0NG Li\u00ean minh c\u00f4ng nghi\u1ec7p s\u1ed1. Li\u00ean minh t\u01b0 b\u1ea3n s\u1ed1. Li\u00ean minh v\u0103n ho\u00e1 s\u1ed1. THE GREAT KING &#8211; DIGITAL CAPITALIST ALLIANCE \u65e5\u7167\u91d1\u5c71\uff0c\u898b\u8005\u66b4\u5bcc K\u1ef6 NGUY\u00caNQUANG H\u01afNG \u00c1NH S\u00c1NG, T\u1ef0 DO, PH\u1ed2N TH\u1ecaNH Vinh quang ti\u1ebfn b\u1ed9. \u0110\u1ed5i m\u1edbi ph\u00e1t&hellip;<\/p>\n","protected":false},"author":11,"featured_media":0,"parent":0,"menu_order":0,"comment_status":"closed","ping_status":"closed","template":"","meta":{"footnotes":""},"class_list":["post-146","page","type-page","status-publish","hentry"],"_links":{"self":[{"href":"https:\/\/quangtien.org\/capital\/wp-json\/wp\/v2\/pages\/146","targetHints":{"allow":["GET"]}}],"collection":[{"href":"https:\/\/quangtien.org\/capital\/wp-json\/wp\/v2\/pages"}],"about":[{"href":"https:\/\/quangtien.org\/capital\/wp-json\/wp\/v2\/types\/page"}],"author":[{"embeddable":true,"href":"https:\/\/quangtien.org\/capital\/wp-json\/wp\/v2\/users\/11"}],"replies":[{"embeddable":true,"href":"https:\/\/quangtien.org\/capital\/wp-json\/wp\/v2\/comments?post=146"}],"version-history":[{"count":44,"href":"https:\/\/quangtien.org\/capital\/wp-json\/wp\/v2\/pages\/146\/revisions"}],"predecessor-version":[{"id":621,"href":"https:\/\/quangtien.org\/capital\/wp-json\/wp\/v2\/pages\/146\/revisions\/621"}],"wp:attachment":[{"href":"https:\/\/quangtien.org\/capital\/wp-json\/wp\/v2\/media?parent=146"}],"curies":[{"name":"wp","href":"https:\/\/api.w.org\/{rel}","templated":true}]}}