{"id":234,"date":"2025-08-19T23:18:46","date_gmt":"2025-08-19T16:18:46","guid":{"rendered":"https:\/\/daivuong.com\/?page_id=234"},"modified":"2025-08-20T04:15:17","modified_gmt":"2025-08-19T21:15:17","slug":"diem-tua-cho-the-luc","status":"publish","type":"page","link":"https:\/\/quangtien.org\/capital\/diem-tua-cho-the-luc\/","title":{"rendered":"\u0110i\u1ec3m t\u1ef1a cho th\u1ebf l\u1ef1c"},"content":{"rendered":"\n<figure class=\"wp-block-image alignfull size-full\"><img loading=\"lazy\" decoding=\"async\" width=\"1080\" height=\"1077\" src=\"https:\/\/daivuong.com\/wp-content\/uploads\/solaris\/bb\/bb-vip\/sites\/2\/2025\/08\/1000008403.jpg\" alt=\"\" class=\"wp-image-519\" srcset=\"https:\/\/quangtien.org\/capital\/wp-content\/uploads\/solaris\/bb\/bb-vip\/sites\/2\/2025\/08\/1000008403.jpg 1080w, https:\/\/quangtien.org\/capital\/wp-content\/uploads\/solaris\/bb\/bb-vip\/sites\/2\/2025\/08\/1000008403-300x300.jpg 300w, https:\/\/quangtien.org\/capital\/wp-content\/uploads\/solaris\/bb\/bb-vip\/sites\/2\/2025\/08\/1000008403-1024x1021.jpg 1024w, https:\/\/quangtien.org\/capital\/wp-content\/uploads\/solaris\/bb\/bb-vip\/sites\/2\/2025\/08\/1000008403-150x150.jpg 150w, https:\/\/quangtien.org\/capital\/wp-content\/uploads\/solaris\/bb\/bb-vip\/sites\/2\/2025\/08\/1000008403-768x766.jpg 768w, https:\/\/quangtien.org\/capital\/wp-content\/uploads\/solaris\/bb\/bb-vip\/sites\/2\/2025\/08\/1000008403-500x500.jpg 500w\" sizes=\"auto, (max-width: 1080px) 100vw, 1080px\" \/><\/figure>\n\n\n\n<p><\/p>\n\n\n\n<div style=\"height:20px\" aria-hidden=\"true\" class=\"wp-block-spacer\"><\/div>\n\n\n\n<p style=\"font-size:44px\">KH\u00d4N NGOAN, V\u1eeeNG V\u00c0NG<\/p>\n\n\n\n<p><\/p>\n\n\n\n<figure class=\"wp-block-image alignfull size-full\"><img loading=\"lazy\" decoding=\"async\" width=\"736\" height=\"1313\" src=\"https:\/\/daivuong.com\/wp-content\/uploads\/solaris\/bb\/bb-vip\/sites\/2\/2025\/08\/1000005611.jpg\" alt=\"\" class=\"wp-image-502\" srcset=\"https:\/\/quangtien.org\/capital\/wp-content\/uploads\/solaris\/bb\/bb-vip\/sites\/2\/2025\/08\/1000005611.jpg 736w, https:\/\/quangtien.org\/capital\/wp-content\/uploads\/solaris\/bb\/bb-vip\/sites\/2\/2025\/08\/1000005611-168x300.jpg 168w, https:\/\/quangtien.org\/capital\/wp-content\/uploads\/solaris\/bb\/bb-vip\/sites\/2\/2025\/08\/1000005611-574x1024.jpg 574w\" sizes=\"auto, (max-width: 736px) 100vw, 736px\" \/><\/figure>\n\n\n\n<p><\/p>\n\n\n\n<div style=\"height:16px\" aria-hidden=\"true\" class=\"wp-block-spacer\"><\/div>\n\n\n\n<p><\/p>\n\n\n<div class=\"wp-block-image border-radius-20px\">\n<figure class=\"aligncenter size-full\"><img loading=\"lazy\" decoding=\"async\" width=\"736\" height=\"1313\" src=\"https:\/\/daivuong.com\/wp-content\/uploads\/solaris\/bb\/bb-vip\/sites\/2\/2025\/08\/1000005613.jpg\" alt=\"\" class=\"wp-image-508\" srcset=\"https:\/\/quangtien.org\/capital\/wp-content\/uploads\/solaris\/bb\/bb-vip\/sites\/2\/2025\/08\/1000005613.jpg 736w, https:\/\/quangtien.org\/capital\/wp-content\/uploads\/solaris\/bb\/bb-vip\/sites\/2\/2025\/08\/1000005613-168x300.jpg 168w, https:\/\/quangtien.org\/capital\/wp-content\/uploads\/solaris\/bb\/bb-vip\/sites\/2\/2025\/08\/1000005613-574x1024.jpg 574w\" sizes=\"auto, (max-width: 736px) 100vw, 736px\" \/><\/figure>\n<\/div>\n\n\n<p><\/p>\n\n\n\n<p><\/p>\n\n\n\n<div style=\"height:16px\" aria-hidden=\"true\" class=\"wp-block-spacer\"><\/div>\n\n\n\n<figure class=\"wp-block-image alignfull size-full\"><img loading=\"lazy\" decoding=\"async\" width=\"1080\" height=\"1696\" src=\"https:\/\/daivuong.com\/wp-content\/uploads\/solaris\/bb\/bb-vip\/sites\/2\/2025\/08\/1000008215.jpg\" alt=\"\" class=\"wp-image-123\" srcset=\"https:\/\/quangtien.org\/capital\/wp-content\/uploads\/solaris\/bb\/bb-vip\/sites\/2\/2025\/08\/1000008215.jpg 1080w, https:\/\/quangtien.org\/capital\/wp-content\/uploads\/solaris\/bb\/bb-vip\/sites\/2\/2025\/08\/1000008215-191x300.jpg 191w, https:\/\/quangtien.org\/capital\/wp-content\/uploads\/solaris\/bb\/bb-vip\/sites\/2\/2025\/08\/1000008215-652x1024.jpg 652w, https:\/\/quangtien.org\/capital\/wp-content\/uploads\/solaris\/bb\/bb-vip\/sites\/2\/2025\/08\/1000008215-768x1206.jpg 768w, https:\/\/quangtien.org\/capital\/wp-content\/uploads\/solaris\/bb\/bb-vip\/sites\/2\/2025\/08\/1000008215-978x1536.jpg 978w\" sizes=\"auto, (max-width: 1080px) 100vw, 1080px\" \/><\/figure>\n\n\n\n<p><\/p>\n\n\n\n<div style=\"height:16px\" aria-hidden=\"true\" class=\"wp-block-spacer\"><\/div>\n\n\n\n<p><\/p>\n\n\n\n<div style=\"height:16px\" aria-hidden=\"true\" class=\"wp-block-spacer\"><\/div>\n\n\n\n<h3 class=\"wp-block-heading\">N\u1ec1n t\u1ea3ng \u0110\u1ea1o \u0110\u1ee9c<\/h3>\n\n\n\n<p class=\"has-text-align-center\" style=\"font-size:120px\">\u5fb7<\/p>\n\n\n\n<p class=\"has-medium-font-size\">Ph\u00fac T\u00e0i L\u1ed9c l\u00e0 \u0111i\u1ec3m t\u1ef1a cho cu\u1ed9c s\u1ed1ng v\u00e0 s\u1ef1 nghi\u1ec7p c\u1ee7a nhi\u1ec1u ng\u01b0\u1eddi, v\u1eady Ph\u00fac T\u00e0i L\u1ed9c t\u1ef1a v\u00e0o \u0111\u00e2u, \u0111i\u1ec3m t\u1ef1a \u0111\u00f3 l\u00e0 \u0110\u1ea1i V\u01b0\u01a1ng. \u0110\u1ea1i V\u01b0\u01a1ng t\u1ef1a v\u00e0o \u0111\u00e2u, \u0111i\u1ec3m t\u1ef1a \u0111\u00f3 l\u00e0 H\u1ed3ng \u0110\u1ee9c<\/p>\n\n\n\n<p class=\"has-medium-font-size\">Ch\u1ec9 c\u00f3 gi\u1eef \u0111\u01b0\u1ee3c ch\u1eef \u0110\u1ee9c, v\u00e0 kh\u00f4ng ng\u1eebng vun b\u1ed3i tu d\u01b0\u1ee1ng \u0110\u1ea1o \u0110\u1ee9c th\u00ec con ng\u01b0\u1eddi m\u1edbi m\u1ed7i ng\u00e0y th\u00eam v\u1eefng m\u1ea1nh, cu\u1ed9c s\u1ed1ng \u0111\u01b0\u1ee3c b\u00ecnh an<\/p>\n\n\n\n<p class=\"has-medium-font-size\">M\u1ea1ng l\u01b0\u1edbi \u0110\u1ea1i V\u01b0\u01a1ng t\u1eadp trung v\u00e0o nh\u00f3m ch\u1ee7 \u0111\u1ec1 \u0110\u1ea1o \u0110\u1ee9c, L\u1ecbch S\u1eed, V\u0103n Ho\u00e1, T\u00e1c Ph\u1ea9m<\/p>\n\n\n\n<p><\/p>\n\n\n\n<p class=\"has-medium-font-size\">18.08.2025, TVHK<\/p>\n\n\n\n<p><\/p>\n","protected":false},"excerpt":{"rendered":"<p>KH\u00d4N NGOAN, V\u1eeeNG V\u00c0NG N\u1ec1n t\u1ea3ng \u0110\u1ea1o \u0110\u1ee9c \u5fb7 Ph\u00fac T\u00e0i L\u1ed9c l\u00e0 \u0111i\u1ec3m t\u1ef1a cho cu\u1ed9c s\u1ed1ng v\u00e0 s\u1ef1 nghi\u1ec7p c\u1ee7a nhi\u1ec1u ng\u01b0\u1eddi, v\u1eady Ph\u00fac T\u00e0i L\u1ed9c t\u1ef1a v\u00e0o \u0111\u00e2u, \u0111i\u1ec3m t\u1ef1a \u0111\u00f3 l\u00e0 \u0110\u1ea1i V\u01b0\u01a1ng. \u0110\u1ea1i V\u01b0\u01a1ng t\u1ef1a v\u00e0o \u0111\u00e2u, \u0111i\u1ec3m t\u1ef1a \u0111\u00f3 l\u00e0 H\u1ed3ng \u0110\u1ee9c Ch\u1ec9 c\u00f3 gi\u1eef \u0111\u01b0\u1ee3c ch\u1eef \u0110\u1ee9c, v\u00e0&hellip;<\/p>\n","protected":false},"author":11,"featured_media":0,"parent":0,"menu_order":0,"comment_status":"closed","ping_status":"closed","template":"","meta":{"footnotes":""},"class_list":["post-234","page","type-page","status-publish","hentry"],"_links":{"self":[{"href":"https:\/\/quangtien.org\/capital\/wp-json\/wp\/v2\/pages\/234","targetHints":{"allow":["GET"]}}],"collection":[{"href":"https:\/\/quangtien.org\/capital\/wp-json\/wp\/v2\/pages"}],"about":[{"href":"https:\/\/quangtien.org\/capital\/wp-json\/wp\/v2\/types\/page"}],"author":[{"embeddable":true,"href":"https:\/\/quangtien.org\/capital\/wp-json\/wp\/v2\/users\/11"}],"replies":[{"embeddable":true,"href":"https:\/\/quangtien.org\/capital\/wp-json\/wp\/v2\/comments?post=234"}],"version-history":[{"count":18,"href":"https:\/\/quangtien.org\/capital\/wp-json\/wp\/v2\/pages\/234\/revisions"}],"predecessor-version":[{"id":529,"href":"https:\/\/quangtien.org\/capital\/wp-json\/wp\/v2\/pages\/234\/revisions\/529"}],"wp:attachment":[{"href":"https:\/\/quangtien.org\/capital\/wp-json\/wp\/v2\/media?parent=234"}],"curies":[{"name":"wp","href":"https:\/\/api.w.org\/{rel}","templated":true}]}}